 2043488387 a composite number?
False
Is 2654010521 composite?
True
Is 552628799 composite?
False
Is 1983609293 a composite number?
True
Is 989600759 prime?
False
Is 1181757631 a composite number?
True
Is 24993349481 prime?
True
Is 33278691127 a composite number?
True
Is 112725733 composite?
False
Is 118086851 a composite number?
True
Is 20355165707 composite?
False
Is 130920289 a prime number?
True
Is 2210966383 a composite number?
True
Is 21351917 a prime number?
False
Is 15350719151 prime?
True
Is 1752264727 prime?
True
Is 17943592897 composite?
False
Is 77848006853 a composite number?
False
Is 64707883 a composite number?
True
Is 2374779133 a prime number?
False
Is 34061238347 a composite number?
False
Is 430505963 composite?
False
Is 9041224547 a prime number?
True
Is 21404418443 composite?
False
Is 104989463897 a prime number?
True
Is 3305999779 prime?
True
Is 5554749979 prime?
True
Is 61396269287 a prime number?
False
Is 346396513 a composite number?
True
Is 54555386917 a composite number?
False
Is 36470908829 prime?
True
Is 1101339355 prime?
False
Is 1155263507 a composite number?
True
Is 39036203281 a composite number?
True
Is 19848173473 a prime number?
False
Is 1310927911 prime?
True
Is 14141100653 a prime number?
True
Is 330720365041 prime?
False
Is 9332695109 composite?
True
Is 13040065307 a composite number?
True
Is 13751247947 a prime number?
False
Is 70241497 a composite number?
False
Is 41550233 composite?
True
Is 276387571 composite?
False
Is 2783305997 a composite number?
False
Is 5896694863 a prime number?
True
Is 692491213 a prime number?
False
Is 2676844979 composite?
True
Is 20865357311 composite?
True
Is 2009050271 composite?
False
Is 610989091 a prime number?
False
Is 41857499 composite?
False
Is 418315081 a prime number?
False
Is 3539631793 a prime number?
False
Is 227505293 prime?
False
Is 835981733 a prime number?
True
Is 2543114539 composite?
True
Is 53345292269 a prime number?
False
Is 18217808633 a composite number?
False
Is 6289572041 a prime number?
False
Is 3372392243 prime?
False
Is 8372987957 a prime number?
True
Is 163789991567 a prime number?
True
Is 637316837 a composite number?
True
Is 4630520863 a prime number?
True
Is 27647824189 a composite number?
False
Is 235651673909 prime?
True
Is 52218905005 prime?
False
Is 108263690819 a composite number?
True
Is 777269629 a prime number?
False
Is 273671887 a composite number?
False
Is 803294377 composite?
False
Is 489321817 prime?
True
Is 700497701 a composite number?
True
Is 723334421 a prime number?
True
Is 1983099817 composite?
True
Is 4657170081 a prime number?
False
Is 7968692287 prime?
True
Is 187216213 a prime number?
True
Is 10935551 a composite number?
True
Is 28238524837 a composite number?
False
Is 46560439283 a composite number?
False
Is 4580634193 prime?
True
Is 26968582763 prime?
True
Is 92769563 a prime number?
False
Is 5237052277 prime?
False
Is 6511682479 prime?
False
Is 4768923169 a composite number?
False
Is 684136393 a composite number?
True
Is 520025893 prime?
True
Is 1377619549 composite?
False
Is 220856624605 a composite number?
True
Is 15276793613 a composite number?
True
Is 64058536433 composite?
True
Is 22981717373 prime?
True
Is 3390595591 composite?
False
Is 103336530989 a composite number?
True
Is 2288124053 composite?
True
Is 11276412533 composite?
True
Is 20615195591 prime?
True
Is 1592923133 composite?
False
Is 868917047 composite?
True
Is 1750119383 prime?
False
Is 26102696377 composite?
False
Is 41006107 prime?
False
Is 1240538161 composite?
True
Is 25976810011 a composite number?
True
Is 5207287973 a prime number?
True
Is 13906329101 composite?
True
Is 5708813933 a composite number?
True
Is 401887879 a prime number?
True
Is 3887489131 a composite number?
False
Is 106159855951 a prime number?
True
Is 29384030359 prime?
True
Is 5589629989 prime?
True
Is 4398873071 a prime number?
False
Is 2326577893 prime?
True
Is 7557380249 a composite number?
False
Is 816266029 a composite number?
True
Is 7782937213 composite?
True
Is 1790588647 a composite number?
True
Is 43462367651 composite?
True
Is 1083855271 prime?
True
Is 1804621427 a composite number?
True
Is 559488901 prime?
True
Is 450562201 composite?
True
Is 12104642083 prime?
True
Is 110756594609 a composite number?
False
Is 2681817981 prime?
False
Is 464643859 a composite number?
True
Is 24248647807 prime?
True
Is 253187183 a prime number?
False
Is 3805469033 a prime number?
True
Is 100128761 composite?
True
Is 119247428233 prime?
False
Is 8961604973 composite?
True
Is 108402059845 a composite number?
True
Is 27057743681 a prime number?
False
Is 6193363933 composite?
True
Is 2355887137 composite?
True
Is 10598169041 a prime number?
True
Is 2455983317 a prime number?
True
Is 72442347539 composite?
True
Is 60908558 composite?
True
Is 2035841102 a prime number?
False
Is 10917925999 a composite number?
False
Is 2961934511 a composite number?
True
Is 719682871 composite?
False
Is 152852985577 prime?
True
Is 5164153199 composite?
False
Is 54008813801 prime?
True
Is 243394381 a composite number?
False
Is 9212963899 composite?
True
Is 99874123 prime?
True
Is 1267857761 a prime number?
True
Is 1545929909 a composite number?
False
Is 18479725765 composite?
True
Is 10192590157 a prime number?
True
Is 11423972519 a composite number?
False
Is 19859397833 a prime number?
False
Is 6798752479 prime?
False
Is 81542296273 a composite number?
False
Is 9408536947 a prime number?
False
Is 5214405439 composite?
False
Is 6359016493 a prime number?
True
Is 375756598443 composite?
True
Is 13654468409 a prime number?
True
Is 2721714997 prime?
True
Is 307727093 a prime number?
False
Is 4297622129 a composite number?
True
Is 3522075377 composite?
False
Is 736314013 a composite number?
True
Is 2013578863 composite?
True
Is 750310151 composite?
False
Is 3025206259 a composite number?
False
Is 5682668617 composite?
True
Is 7637931929 prime?
True
Is 457939649 composite?
False
Is 95167867577 prime?
True
Is 5489763469 a prime number?
True
Is 5061104233 a composite number?
True
Is 199414099 composite?
True
Is 1620666077 a composite number?
True
Is 571545881 prime?
True
Is 48356006731 a composite number?
True
Is 4932933217 a composite number?
True
Is 1416786911 a composite number?
True
Is 2195611447 a composite number?
False
Is 1828154477 composite?
True
Is 52991207843 a prime number?
False
Is 1821573517 composite?
True
Is 2094454829 composite?
True
Is 174645253 composite?
False
Is 3331858661 a prime number?
True
Is 5684992447 a composite number?
True
Is 694659489 a prime number?
False
Is 18150413341 composite?
True
Is 2064612383 composite?
False
Is 21924116101 a composite number?
True
Is 44376253 a prime number?
False
Is 94401603283 prime?
False
Is 390442579 composite?
True
Is 258393511 prime?
True
Is 265932631 a composite number?
True
Is 90034637171 composite?
False
Is 305921887 a composite number?
False
Is 5953020331 prime?
False
Is 41863659581 prime?
True
Is 533259821 a composite number?
False
Is 17004274403 a prime number?
False
Is 6670249933 prime?
False
Is 47960011342 composite?
True
Is 4003090141 a composite number?
True
Is 1838788111 a prime number?
True
Is 1565868813 a composite number?
True
Is 8976839909 prime?
True
Is 112886317 prime?
True
Is 1007147077 a prime number?
False
Is 14135789441 composite?
False
Is 452797981 prime?
True
Is 1194925267 a prime number?
True
Is 1538955269 prime?
False
Is 17073994733 a composite number?
True
Is 298039667 prime?
False
Is 1837576082 a composite number?
True
Is 26951758203 composite?
True
Is 3655827157 a composite number?
True
Is 4224952349 prime?
False
Is 657798719 a prime number?
True
Is 6205903007 a prime number?
False
Is 1639624333 composite?
False
Is 1443705761 a composite number?
False
Is 93099790205 a composite number?
True
Is 112277453 a prime number?
False
Is 16349366333 a composite number?
True
Is 543723553 a prime number?
True
Is 11990432743 prime?
False
Is 188617567555 prime?
False
Is 1623221818 composite?
True
Is 514683227 composite?
True
Is 3138927667 composite?
True
Is 138549212497 a composite number?
False
Is 15919614793 composite?
True
Is 4641809509 prime?
True
Is 11728191473 a composite number?
True
Is 553239983 a prime number?
False
Is 3475889